{"id":467,"date":"2021-02-22T21:09:57","date_gmt":"2021-02-22T20:09:57","guid":{"rendered":"http:\/\/medyk.rybnik.pl\/?page_id=467"},"modified":"2026-01-15T19:37:15","modified_gmt":"2026-01-15T18:37:15","slug":"informacja-o-wplywie-dzialalnosci-wykonywanej-przez-jednostke-na-zdrowie-ludzi-i-na-srodowisko","status":"publish","type":"page","link":"https:\/\/medyk.rybnik.pl\/?page_id=467","title":{"rendered":"RTG &#8211; Informacja o wp\u0142ywie dzia\u0142alno\u015bci wykonywanej przez jednostk\u0119 na zdrowie ludzi i na \u015brodowisko"},"content":{"rendered":"\n<p><strong>Niepubliczny Zak\u0142ad Opieki Zdrowotnej MEDYK Sp. z o.o<\/strong><\/p>\n\n\n\n<p><strong>ul. Jastrz\u0119bska 12<\/strong><\/p>\n\n\n\n<p><strong>44-253 Rybnik<\/strong><\/p>\n\n\n\n<p>Podstawa prawna: ustawa Prawo atomowe, Dz.U.2019 poz 1792 zgodnie z art..32c pkt.2&nbsp;<\/p>\n\n\n\n<p>W jednostce wyst\u0119puj\u0105 nast\u0119puj\u0105ce urz\u0105dzenia wytwarzaj\u0105ce promieniowanie jonizuj\u0105ce:&nbsp;<\/p>\n\n\n\n<p>&#8211; DigiEye 280 firmy Mindray&nbsp; &#8211; decyzja Nr 193\/2015r z dnia 29.05.2015r<\/p>\n\n\n\n<p>Jednostka posiada zezwolenia na uruchomienie pracowni:<\/p>\n\n\n\n<p>&#8211; pracownia RTG -decyzja Nr 192\/2015 z dnia 29.05.2015r&nbsp;<\/p>\n\n\n\n<p>Jednostka posiada zezwolenie na prowadzenie dzia\u0142alno\u015bci z u\u017cyciem promieniowania jonizuj\u0105cego&nbsp;<\/p>\n\n\n\n<p>&#8211; decyzja Nr 6 z dnia 03.01.2020r&nbsp;<\/p>\n\n\n\n<p>Jednostka przed uruchomieniem pracowni mia\u0142a wykonane pomiary rozk\u0142adu dawki promieniowania X w otoczeniu aparat\u00f3w- na podstawie wynik\u00f3w stwierdzono \u017ce dawka graniczna promieniowania jonizuj\u0105cego nie przekracza 1mSv\/rok dla pomieszcze\u0144 og\u00f3lnodost\u0119pnych oraz 3mSV\/rok dla pomieszcze\u0144 pracowni poza gabinetem.<\/p>\n\n\n\n<p>Jednostka podlega kontroli \u015al\u0105skiemu Pa\u0144stwowemu Wojew\u00f3dzkiemu Inspektorowi Sanitarnemu w Katowicach, 40 -957 Katowice, ul Raciborska 39 \u2013 Oddzia\u0142 Higieny Radiacyjnej.&nbsp;<\/p>\n\n\n\n<p>Jednostka prowadzi kontrol\u0119 nara\u017cenia pracownik\u00f3w przy pomocy dozymetrii indywidualnej \u2013 w ci\u0105gu minionych 12 miesi\u0119cy (od 01\/01\/2025 do 31\/12\/2025) zmierzona dawka efektywna wynios\u0142a poni\u017cej 0,1 mSv.<\/p>\n\n\n\n<p>Rozporz\u0105dzenie Rady Ministr\u00f3w w sprawie dawek granicznych promieniowania jonizuj\u0105cego \/Dz.U z 2005 poz 168 \u2013 dopuszczalna warto\u015b\u0107 nara\u017cenia na promieniowanie jonizuj\u0105ce wynosi;&nbsp;<\/p>\n\n\n\n<p>&#8211; pracownicy 20 mSv\/rok<\/p>\n\n\n\n<p>&#8211; og\u00f3\u0142 ludno\u015bci 1 mSv \/rok&nbsp;<\/p>\n\n\n\n<p>Uwaga:<\/p>\n\n\n\n<p>&#8211; na podstawie zmierzonych i obliczonych dawek stwierdza si\u0119, \u017ce dzia\u0142alno\u015b\u0107 w minionych 12 miesi\u0105cach nie mia\u0142a negatywnego wp\u0142ywu na zdrowie ludzi i \u015brodowisko. &nbsp;<\/p>\n\n\n\n<p>&#8211; pracownia RTG nie uwalnia do \u015brodowiska substancji promieniotw\u00f3rczych. &nbsp;<\/p>\n","protected":false},"excerpt":{"rendered":"<p>Niepubliczny Zak\u0142ad Opieki Zdrowotnej MEDYK Sp. z o.o ul. Jastrz\u0119bska 12 44-253 Rybnik Podstawa prawna: ustawa Prawo atomowe, Dz.U.2019 poz 1792 zgodnie z art..32c pkt.2&nbsp; W jednostce wyst\u0119puj\u0105 nast\u0119puj\u0105ce urz\u0105dzenia wytwarzaj\u0105ce promieniowanie jonizuj\u0105ce:&nbsp; &#8211; DigiEye 280 firmy Mindray&nbsp; &#8211; decyzja Nr 193\/2015r z dnia 29.05.2015r&hellip;<\/p>\n","protected":false},"author":1,"featured_media":0,"parent":0,"menu_order":0,"comment_status":"closed","ping_status":"closed","template":"","meta":{"footnotes":""},"class_list":["post-467","page","type-page","status-publish","hentry"],"jetpack_sharing_enabled":true,"_links":{"self":[{"href":"https:\/\/medyk.rybnik.pl\/index.php?rest_route=\/wp\/v2\/pages\/467","targetHints":{"allow":["GET"]}}],"collection":[{"href":"https:\/\/medyk.rybnik.pl\/index.php?rest_route=\/wp\/v2\/pages"}],"about":[{"href":"https:\/\/medyk.rybnik.pl\/index.php?rest_route=\/wp\/v2\/types\/page"}],"author":[{"embeddable":true,"href":"https:\/\/medyk.rybnik.pl\/index.php?rest_route=\/wp\/v2\/users\/1"}],"replies":[{"embeddable":true,"href":"https:\/\/medyk.rybnik.pl\/index.php?rest_route=%2Fwp%2Fv2%2Fcomments&post=467"}],"version-history":[{"count":8,"href":"https:\/\/medyk.rybnik.pl\/index.php?rest_route=\/wp\/v2\/pages\/467\/revisions"}],"predecessor-version":[{"id":525,"href":"https:\/\/medyk.rybnik.pl\/index.php?rest_route=\/wp\/v2\/pages\/467\/revisions\/525"}],"wp:attachment":[{"href":"https:\/\/medyk.rybnik.pl\/index.php?rest_route=%2Fwp%2Fv2%2Fmedia&parent=467"}],"curies":[{"name":"wp","href":"https:\/\/api.w.org\/{rel}","templated":true}]}}